267085680?
5
What is the ten thousands digit of 215507294?
0
What is the ten thousands digit of 1033249464?
4
What is the hundred thousands digit of 1691992698?
9
What is the hundred millions digit of 845858417?
8
What is the tens digit of 3585712025?
2
What is the tens digit of 21365102?
0
What is the hundreds digit of 1940789437?
4
What is the thousands digit of 215212702?
2
What is the ten millions digit of 792966668?
9
What is the billions digit of 1613623830?
1
What is the ten millions digit of 59627351?
5
What is the ten thousands digit of 115993870?
9
What is the hundred thousands digit of 47886923?
8
What is the hundreds digit of 28936312?
3
What is the tens digit of 5976435169?
6
What is the tens digit of 841249982?
8
What is the millions digit of 271092289?
1
What is the tens digit of 1428611033?
3
What is the hundred thousands digit of 51686553?
6
What is the hundred millions digit of 203145740?
2
What is the ten millions digit of 228168135?
2
What is the units digit of 603869305?
5
What is the hundred thousands digit of 3697538132?
5
What is the tens digit of 59522534?
3
What is the units digit of 178657544?
4
What is the ten thousands digit of 59674736?
7
What is the ten thousands digit of 138818686?
1
What is the ten thousands digit of 45061253?
6
What is the millions digit of 53835207?
3
What is the hundreds digit of 38049824?
8
What is the millions digit of 27694824?
7
What is the thousands digit of 42912425?
2
What is the millions digit of 18335151?
8
What is the thousands digit of 22392356?
2
What is the millions digit of 4543912?
4
What is the tens digit of 4217035?
3
What is the hundred thousands digit of 73728142?
7
What is the tens digit of 869543532?
3
What is the thousands digit of 271518988?
8
What is the ten thousands digit of 28967808?
6
What is the ten thousands digit of 427869569?
6
What is the hundreds digit of 5796465?
4
What is the hundred thousands digit of 19899029?
8
What is the hundreds digit of 1130394335?
3
What is the hundred thousands digit of 77950963?
9
What is the ten millions digit of 76140327?
7
What is the hundred thousands digit of 16730973?
7
What is the hundred thousands digit of 28204225?
2
What is the billions digit of 5608144004?
5
What is the hundred millions digit of 677621279?
6
What is the ten thousands digit of 19385131?
8
What is the millions digit of 2648851040?
8
What is the hundreds digit of 3098364552?
5
What is the millions digit of 2430061867?
0
What is the thousands digit of 191548698?
8
What is the ten thousands digit of 130068889?
6
What is the thousands digit of 450943106?
3
What is the tens digit of 724512711?
1
What is the thousands digit of 30439278?
9
What is the hundred thousands digit of 94703941?
7
What is the ten millions digit of 2303528810?
0
What is the hundred thousands digit of 1281647831?
6
What is the units digit of 156396706?
6
What is the units digit of 993454302?
2
What is the ten thousands digit of 3264565697?
6
What is the hundred millions digit of 363883563?
3
What is the ten thousands digit of 10139661?
3
What is the units digit of 1016292967?
7
What is the millions digit of 78538896?
8
What is the hundreds digit of 4764274751?
7
What is the hundred thousands digit of 1204175504?
1
What is the millions digit of 2228014718?
8
What is the thousands digit of 283919519?
9
What is the ten thousands digit of 256076078?
7
What is the units digit of 534116105?
5
What is the hundreds digit of 850149693?
6
What is the hundred millions digit of 114244308?
1
What is the hundred thousands digit of 376301237?
3
What is the thousands digit of 284689915?
9
What is the hundred thousands digit of 596915809?
9
What is the hundreds digit of 46433347?
3
What is the tens digit of 716281955?
5
What is the tens digit of 29757573?
7
What is the ten millions digit of 1208457533?
0
What is the tens digit of 2558020782?
8
What is the units digit of 110377488?
8
What is the hundred thousands digit of 340412447?
4
What is the ten thousands digit of 305604454?
0
What is the ten millions digit of 670567505?
7
What is the tens digit of 157972833?
3
What is the thousands digit of 60244511?
4
What is the hundred millions digit of 932565302?
9
What is the hundred thousands digit of 27787917?
7
What is the hundreds digit of 556994390?
3
What is the millions digit of 94341868?
4
What is the units digit of 554877860?
0
What is the thousands digit of 1259916247?
6
What is the hundreds digit of 59037933?
9
What is the ten thousands digit of 191756145?
5
What is the ten thousands digit of 52952209?
5
What is the ten millions digit of 2209381753?
0
What is the units digit of 39646318?
8
What is the hundred thousands digit of 751907816?
9
What is the hundred thousands digit of 470548?
4
What is the hundred thousands digit of 35862941?
8
What is the tens digit of 413288197?
9
What is the ten millions digit of 31139662?
3
What is the millions digit of 187162186?
7
What is the ten thousands digit of 1896411221?
1
What is the units digit of 539130366?
6
What is the billions digit of 1126740025?
1
What is the tens digit of 1192884115?
1
What is the tens digit of 1188400766?
6
What is the ten thousands digit of 208330167?
3
What is the tens digit of 4198177573?
7
What is the ten thousands digit of 325243360?
4
What is the millions digit of 2113943324?
3
What is the ten millions digit of 137474274?
3
What is the units digit of 2055285045?
5
What is the hundreds digit of 3226615101?
1
What is the ten millions digit of 73895129?
7
What is the units digit of 42791951?
1
What is the ten millions digit of 218105522?
1
What is the thousands digit of 47420256?
0
What is the hundreds digit of 443998957?
9
What is the hundred thousands digit of 3890923066?
9
What is the thousands digit of 4729905739?
5
What is the millions digit of 36025708?
6
What is the millions digit of 157493932?
7
What is the ten millions digit of 13936407?
1
What is the hundred thousands digit of 33584715?
5
What is the ten millions digit of 75170304?
7
What is the thousands digit of 51145680?
5
What is the ten millions digit of 33040847?
3
What is the hundred millions digit of 105093711?
1
What is the thousands digit of 73063888?
3
What is the millions digit of 439753368?
9
What is the thousands digit of 4370396051?
6
What is the hundreds digit of 64217412?
4
What is the ten millions digit of 4268804331?
6
What is the tens digit of 42555131?
3
What is the ten millions digit of 20763305?
2
What is the tens digit of 33052280?
8
What is the ten thousands digit of 60468713?
6
What is the units digit of 119503261?
1
What is the ten millions digit of 135983236?
3
What is the hundred thousands digit of 21018230?
0
What is the hundred millions digit of 1562392912?
5
What is the billions digit of 6571331246?
6
What is the hundred thousands digit of 270567705?
5
What is the ten millions digit of 684131182?
8
What is the billions digit of 1278824024?
1
What is the hundreds digit of 124119953?
9
What is the thousands digit of 89837074?
7
What is the units digit of 133389293?
3
What is the millions digit of 16370983?
6
What is the ten millions digit of 1495589472?
9
What is the ten thousands digit of 3060787660?
8
What is the thousands digit of 3269522085?
2
What is the ten millions digit of 887504997?
8
What is the tens digit of 4402864730?
3
What is the millions digit of 89434581?
9
What is the ten millions digit of 136577537?
3
What is the hundred thousands digit of 568889565?
8
What is the millions digit of 216035891?
6
What is the hundreds digit of 2546349111?
1
What is the tens digit of 52347061?
6
What is the thousands digit of 65575308?
5
What is the ten thousands digit of 16217859?
1
What is the hundred thousands digit of 216527654?
5
What is the millions digit of 3706529310?
6
What is the tens digit of 378067223?
2
What is the hundred millions digit of 4605888651?
6
What is the tens digit of 87805576?
7
What is the hundreds digit of 194060095?
0
What is the tens digit of 929923653?
5
What is the hundreds digit of 801863896?
8
What is the units digit of 919907150?
0
What is the hundred millions digit of 185056493?
1
What is the units digit of 101013488?
8
What is the tens digit of 24740357?
5
What is the tens digit of 2173764602?
0
What is